{"id":59,"date":"2023-04-07T14:16:58","date_gmt":"2023-04-07T12:16:58","guid":{"rendered":"https:\/\/activites-ariege.com\/?page_id=59"},"modified":"2023-07-23T13:17:57","modified_gmt":"2023-07-23T11:17:57","slug":"contact","status":"publish","type":"page","link":"https:\/\/activites-ariege.com\/index.php\/contact\/","title":{"rendered":"Contact"},"content":{"rendered":"\t\t<div data-elementor-type=\"wp-page\" data-elementor-id=\"59\" class=\"elementor elementor-59\">\n\t\t\t\t\t\t<section class=\"elementor-section elementor-top-section elementor-element elementor-element-b7c5793 elementor-section-boxed elementor-section-height-default elementor-section-height-default wpr-particle-no wpr-jarallax-no wpr-parallax-no wpr-sticky-section-no\" data-id=\"b7c5793\" data-element_type=\"section\" data-e-type=\"section\">\n\t\t\t\t\t\t<div class=\"elementor-container elementor-column-gap-default\">\n\t\t\t\t\t<div class=\"elementor-column elementor-col-100 elementor-top-column elementor-element elementor-element-4068b86\" data-id=\"4068b86\" data-element_type=\"column\" data-e-type=\"column\">\n\t\t\t<div class=\"elementor-widget-wrap elementor-element-populated\">\n\t\t\t\t\t\t<div class=\"elementor-element elementor-element-a05ddca elementor-widget elementor-widget-text-editor\" data-id=\"a05ddca\" data-element_type=\"widget\" data-e-type=\"widget\" data-widget_type=\"text-editor.default\">\n\t\t\t\t<div class=\"elementor-widget-container\">\n\t\t\t\t\t\t\t\t\t<p style=\"text-align: center;\">Vous avez besoin d&rsquo;un renseignement ou vous souhaitez b\u00e9n\u00e9ficiez des services de l&rsquo;association ? Contactez-nous !<\/p>\t\t\t\t\t\t\t\t<\/div>\n\t\t\t\t<\/div>\n\t\t\t\t<div class=\"elementor-element elementor-element-89e8608 elementor-widget elementor-widget-wpforms\" data-id=\"89e8608\" data-element_type=\"widget\" data-e-type=\"widget\" data-widget_type=\"wpforms.default\">\n\t\t\t\t<div class=\"elementor-widget-container\">\n\t\t\t\t\t<div class=\"wpforms-container wpforms-container-full wpforms-render-modern\" id=\"wpforms-587\"><form id=\"wpforms-form-587\" class=\"wpforms-validate wpforms-form wpforms-ajax-form\" data-formid=\"587\" method=\"post\" enctype=\"multipart\/form-data\" action=\"\/index.php\/wp-json\/wp\/v2\/pages\/59\" data-token=\"6825d3ce57d922c92b89a8f06713858b\" data-token-time=\"1777039397\"><noscript class=\"wpforms-error-noscript\">Veuillez activer JavaScript dans votre navigateur pour remplir ce formulaire.<\/noscript><div id=\"wpforms-error-noscript\" style=\"display: none;\">Veuillez activer JavaScript dans votre navigateur pour remplir ce formulaire.<\/div><div class=\"wpforms-field-container\"><div id=\"wpforms-587-field_0-container\" class=\"wpforms-field wpforms-field-name\" data-field-id=\"0\"><fieldset><legend class=\"wpforms-field-label\">Identit\u00e9 <span class=\"wpforms-required-label\" aria-hidden=\"true\">*<\/span><\/legend><div class=\"wpforms-field-row wpforms-field-medium\"><div class=\"wpforms-field-row-block wpforms-first wpforms-one-half\"><input type=\"text\" id=\"wpforms-587-field_0\" class=\"wpforms-field-name-first wpforms-field-required\" name=\"wpforms[fields][0][first]\" aria-errormessage=\"wpforms-587-field_0-error\" required><label for=\"wpforms-587-field_0\" class=\"wpforms-field-sublabel after\">Pr\u00e9nom<\/label><\/div><div class=\"wpforms-field-row-block wpforms-one-half\"><input type=\"text\" id=\"wpforms-587-field_0-last\" class=\"wpforms-field-name-last wpforms-field-required\" name=\"wpforms[fields][0][last]\" aria-errormessage=\"wpforms-587-field_0-last-error\" required><label for=\"wpforms-587-field_0-last\" class=\"wpforms-field-sublabel after\">Nom<\/label><\/div><\/div><\/fieldset><\/div><div id=\"wpforms-587-field_1-container\" class=\"wpforms-field wpforms-field-email\" data-field-id=\"1\"><label class=\"wpforms-field-label\" for=\"wpforms-587-field_1\">E-mail <span class=\"wpforms-required-label\" aria-hidden=\"true\">*<\/span><\/label><input type=\"email\" id=\"wpforms-587-field_1\" class=\"wpforms-field-medium wpforms-field-required\" name=\"wpforms[fields][1]\" spellcheck=\"false\" aria-errormessage=\"wpforms-587-field_1-error\" required><\/div><div id=\"wpforms-587-field_2-container\" class=\"wpforms-field wpforms-field-textarea\" data-field-id=\"2\"><label class=\"wpforms-field-label\" for=\"wpforms-587-field_2\">Votre message<\/label><textarea id=\"wpforms-587-field_2\" class=\"wpforms-field-medium\" name=\"wpforms[fields][2]\" aria-errormessage=\"wpforms-587-field_2-error\" ><\/textarea><\/div><\/div><!-- .wpforms-field-container --><div class=\"wpforms-recaptcha-container wpforms-is-recaptcha wpforms-is-recaptcha-type-v3\" ><input type=\"hidden\" name=\"wpforms[recaptcha]\" value=\"\"><\/div><div class=\"wpforms-submit-container\" ><input type=\"hidden\" name=\"wpforms[id]\" value=\"587\"><input type=\"hidden\" name=\"page_title\" value=\"\"><input type=\"hidden\" name=\"page_url\" value=\"https:\/\/activites-ariege.com\/index.php\/wp-json\/wp\/v2\/pages\/59\"><input type=\"hidden\" name=\"url_referer\" value=\"\"><button type=\"submit\" name=\"wpforms[submit]\" id=\"wpforms-submit-587\" class=\"wpforms-submit\" data-alt-text=\"Envoi...\" data-submit-text=\"Envoyer\" aria-live=\"assertive\" value=\"wpforms-submit\">Envoyer<\/button><img decoding=\"async\" src=\"https:\/\/activites-ariege.com\/wp-content\/plugins\/wpforms-lite\/assets\/images\/submit-spin.svg\" class=\"wpforms-submit-spinner\" style=\"display: none;\" width=\"26\" height=\"26\" alt=\"Chargement en cours\"><\/div><\/form><\/div>  <!-- .wpforms-container -->\t\t\t\t<\/div>\n\t\t\t\t<\/div>\n\t\t\t\t\t<\/div>\n\t\t<\/div>\n\t\t\t\t\t<\/div>\n\t\t<\/section>\n\t\t\t\t<section class=\"elementor-section elementor-top-section elementor-element elementor-element-9d8209e elementor-section-full_width elementor-section-content-bottom elementor-section-stretched elementor-section-height-default elementor-section-height-default wpr-particle-no wpr-jarallax-no wpr-parallax-no wpr-sticky-section-no\" data-id=\"9d8209e\" data-element_type=\"section\" data-e-type=\"section\" data-settings=\"{&quot;stretch_section&quot;:&quot;section-stretched&quot;}\">\n\t\t\t\t\t\t<div class=\"elementor-container elementor-column-gap-default\">\n\t\t\t\t\t<div class=\"elementor-column elementor-col-100 elementor-top-column elementor-element elementor-element-db85ea7\" data-id=\"db85ea7\" data-element_type=\"column\" data-e-type=\"column\">\n\t\t\t<div class=\"elementor-widget-wrap elementor-element-populated\">\n\t\t\t\t\t\t<div class=\"elementor-element elementor-element-f2b5fa6 elementor-widget elementor-widget-spacer\" data-id=\"f2b5fa6\" data-element_type=\"widget\" data-e-type=\"widget\" data-widget_type=\"spacer.default\">\n\t\t\t\t<div class=\"elementor-widget-container\">\n\t\t\t\t\t\t\t<div class=\"elementor-spacer\">\n\t\t\t<div class=\"elementor-spacer-inner\"><\/div>\n\t\t<\/div>\n\t\t\t\t\t\t<\/div>\n\t\t\t\t<\/div>\n\t\t\t\t<div class=\"elementor-element elementor-element-7485179 elementor-widget__width-inherit elementor-widget elementor-widget-google_maps\" data-id=\"7485179\" data-element_type=\"widget\" data-e-type=\"widget\" data-widget_type=\"google_maps.default\">\n\t\t\t\t<div class=\"elementor-widget-container\">\n\t\t\t\t\t\t\t<div class=\"elementor-custom-embed\">\n\t\t\t<iframe loading=\"lazy\"\n\t\t\t\t\tsrc=\"https:\/\/maps.google.com\/maps?q=Rte%20de%20Sabarat%20%E2%80%93%20for%C3%AAt%20de%20Castagn%C3%A8s%20%2009%20290%20Le%20Mas-dAzil&#038;t=m&#038;z=10&#038;output=embed&#038;iwloc=near\"\n\t\t\t\t\ttitle=\"Rte de Sabarat \u2013 for\u00eat de Castagn\u00e8s  09 290 Le Mas-dAzil\"\n\t\t\t\t\taria-label=\"Rte de Sabarat \u2013 for\u00eat de Castagn\u00e8s  09 290 Le Mas-dAzil\"\n\t\t\t><\/iframe>\n\t\t<\/div>\n\t\t\t\t\t\t<\/div>\n\t\t\t\t<\/div>\n\t\t\t\t\t<\/div>\n\t\t<\/div>\n\t\t\t\t\t<\/div>\n\t\t<\/section>\n\t\t\t\t<\/div>\n\t\t","protected":false},"excerpt":{"rendered":"<p>Vous avez besoin d&rsquo;un renseignement ou vous souhaitez b\u00e9n\u00e9ficiez des services de l&rsquo;association ? Contactez-nous !<\/p>\n","protected":false},"author":1,"featured_media":0,"parent":0,"menu_order":0,"comment_status":"closed","ping_status":"closed","template":"","meta":{"site-sidebar-layout":"default","site-content-layout":"","ast-site-content-layout":"default","site-content-style":"default","site-sidebar-style":"default","ast-global-header-display":"","ast-banner-title-visibility":"","ast-main-header-display":"","ast-hfb-above-header-display":"","ast-hfb-below-header-display":"","ast-hfb-mobile-header-display":"","site-post-title":"","ast-breadcrumbs-content":"","ast-featured-img":"","footer-sml-layout":"","ast-disable-related-posts":"","theme-transparent-header-meta":"","adv-header-id-meta":"","stick-header-meta":"","header-above-stick-meta":"","header-main-stick-meta":"","header-below-stick-meta":"","astra-migrate-meta-layouts":"default","ast-page-background-enabled":"default","ast-page-background-meta":{"desktop":{"background-color":"var(--ast-global-color-4)","background-image":"","background-repeat":"repeat","background-position":"center center","background-size":"auto","background-attachment":"scroll","background-type":"","background-media":"","overlay-type":"","overlay-color":"","overlay-opacity":"","overlay-gradient":""},"tablet":{"background-color":"","background-image":"","background-repeat":"repeat","background-position":"center center","background-size":"auto","background-attachment":"scroll","background-type":"","background-media":"","overlay-type":"","overlay-color":"","overlay-opacity":"","overlay-gradient":""},"mobile":{"background-color":"","background-image":"","background-repeat":"repeat","background-position":"center center","background-size":"auto","background-attachment":"scroll","background-type":"","background-media":"","overlay-type":"","overlay-color":"","overlay-opacity":"","overlay-gradient":""}},"ast-content-background-meta":{"desktop":{"background-color":"var(--ast-global-color-5)","background-image":"","background-repeat":"repeat","background-position":"center center","background-size":"auto","background-attachment":"scroll","background-type":"","background-media":"","overlay-type":"","overlay-color":"","overlay-opacity":"","overlay-gradient":""},"tablet":{"background-color":"var(--ast-global-color-5)","background-image":"","background-repeat":"repeat","background-position":"center center","background-size":"auto","background-attachment":"scroll","background-type":"","background-media":"","overlay-type":"","overlay-color":"","overlay-opacity":"","overlay-gradient":""},"mobile":{"background-color":"var(--ast-global-color-5)","background-image":"","background-repeat":"repeat","background-position":"center center","background-size":"auto","background-attachment":"scroll","background-type":"","background-media":"","overlay-type":"","overlay-color":"","overlay-opacity":"","overlay-gradient":""}},"footnotes":""},"class_list":["post-59","page","type-page","status-publish","hentry"],"yoast_head":"<!-- This site is optimized with the Yoast SEO plugin v27.3 - https:\/\/yoast.com\/product\/yoast-seo-wordpress\/ -->\n<title>Contact - Activit\u00e9s Ari\u00e8ge<\/title>\n<meta name=\"description\" content=\"Retrouvez toutes les informations de contact de Docs en stock sur activites-ariege.com. Un question ? Un renseignement ? Contactez-nous ici !\" \/>\n<meta name=\"robots\" content=\"index, follow, max-snippet:-1, max-image-preview:large, max-video-preview:-1\" \/>\n<link rel=\"canonical\" href=\"https:\/\/activites-ariege.com\/index.php\/contact\/\" \/>\n<meta property=\"og:locale\" content=\"fr_FR\" \/>\n<meta property=\"og:type\" content=\"article\" \/>\n<meta property=\"og:title\" content=\"Contact - Activit\u00e9s Ari\u00e8ge\" \/>\n<meta property=\"og:description\" content=\"Retrouvez toutes les informations de contact de Docs en stock sur activites-ariege.com. Un question ? Un renseignement ? Contactez-nous ici !\" \/>\n<meta property=\"og:url\" content=\"https:\/\/activites-ariege.com\/index.php\/contact\/\" \/>\n<meta property=\"og:site_name\" content=\"Activit\u00e9s Ari\u00e8ge\" \/>\n<meta property=\"article:modified_time\" content=\"2023-07-23T11:17:57+00:00\" \/>\n<meta name=\"twitter:card\" content=\"summary_large_image\" \/>\n<meta name=\"twitter:label1\" content=\"Dur\u00e9e de lecture estim\u00e9e\" \/>\n\t<meta name=\"twitter:data1\" content=\"1 minute\" \/>\n<script type=\"application\/ld+json\" class=\"yoast-schema-graph\">{\"@context\":\"https:\\\/\\\/schema.org\",\"@graph\":[{\"@type\":\"WebPage\",\"@id\":\"https:\\\/\\\/activites-ariege.com\\\/index.php\\\/contact\\\/\",\"url\":\"https:\\\/\\\/activites-ariege.com\\\/index.php\\\/contact\\\/\",\"name\":\"Contact - Activit\u00e9s Ari\u00e8ge\",\"isPartOf\":{\"@id\":\"https:\\\/\\\/activites-ariege.com\\\/#website\"},\"datePublished\":\"2023-04-07T12:16:58+00:00\",\"dateModified\":\"2023-07-23T11:17:57+00:00\",\"description\":\"Retrouvez toutes les informations de contact de Docs en stock sur activites-ariege.com. Un question ? Un renseignement ? Contactez-nous ici !\",\"breadcrumb\":{\"@id\":\"https:\\\/\\\/activites-ariege.com\\\/index.php\\\/contact\\\/#breadcrumb\"},\"inLanguage\":\"fr-FR\",\"potentialAction\":[{\"@type\":\"ReadAction\",\"target\":[\"https:\\\/\\\/activites-ariege.com\\\/index.php\\\/contact\\\/\"]}]},{\"@type\":\"BreadcrumbList\",\"@id\":\"https:\\\/\\\/activites-ariege.com\\\/index.php\\\/contact\\\/#breadcrumb\",\"itemListElement\":[{\"@type\":\"ListItem\",\"position\":1,\"name\":\"Accueil\",\"item\":\"https:\\\/\\\/activites-ariege.com\\\/\"},{\"@type\":\"ListItem\",\"position\":2,\"name\":\"Contact\"}]},{\"@type\":\"WebSite\",\"@id\":\"https:\\\/\\\/activites-ariege.com\\\/#website\",\"url\":\"https:\\\/\\\/activites-ariege.com\\\/\",\"name\":\"Activit\u00e9s Ari\u00e8ge\",\"description\":\"D\u00e9couvrez tout ce que l&#039;Ari\u00e8ge peut vous offrir !\",\"publisher\":{\"@id\":\"https:\\\/\\\/activites-ariege.com\\\/#organization\"},\"potentialAction\":[{\"@type\":\"SearchAction\",\"target\":{\"@type\":\"EntryPoint\",\"urlTemplate\":\"https:\\\/\\\/activites-ariege.com\\\/?s={search_term_string}\"},\"query-input\":{\"@type\":\"PropertyValueSpecification\",\"valueRequired\":true,\"valueName\":\"search_term_string\"}}],\"inLanguage\":\"fr-FR\"},{\"@type\":\"Organization\",\"@id\":\"https:\\\/\\\/activites-ariege.com\\\/#organization\",\"name\":\"Activit\u00e9s Ari\u00e8ge\",\"url\":\"https:\\\/\\\/activites-ariege.com\\\/\",\"logo\":{\"@type\":\"ImageObject\",\"inLanguage\":\"fr-FR\",\"@id\":\"https:\\\/\\\/activites-ariege.com\\\/#\\\/schema\\\/logo\\\/image\\\/\",\"url\":\"https:\\\/\\\/activites-ariege.com\\\/wp-content\\\/uploads\\\/2023\\\/07\\\/cropped-Logo-DocsenStock-Moderne-white.png\",\"contentUrl\":\"https:\\\/\\\/activites-ariege.com\\\/wp-content\\\/uploads\\\/2023\\\/07\\\/cropped-Logo-DocsenStock-Moderne-white.png\",\"width\":180,\"height\":112,\"caption\":\"Activit\u00e9s Ari\u00e8ge\"},\"image\":{\"@id\":\"https:\\\/\\\/activites-ariege.com\\\/#\\\/schema\\\/logo\\\/image\\\/\"}}]}<\/script>\n<!-- \/ Yoast SEO plugin. -->","yoast_head_json":{"title":"Contact - Activit\u00e9s Ari\u00e8ge","description":"Retrouvez toutes les informations de contact de Docs en stock sur activites-ariege.com. Un question ? Un renseignement ? Contactez-nous ici !","robots":{"index":"index","follow":"follow","max-snippet":"max-snippet:-1","max-image-preview":"max-image-preview:large","max-video-preview":"max-video-preview:-1"},"canonical":"https:\/\/activites-ariege.com\/index.php\/contact\/","og_locale":"fr_FR","og_type":"article","og_title":"Contact - Activit\u00e9s Ari\u00e8ge","og_description":"Retrouvez toutes les informations de contact de Docs en stock sur activites-ariege.com. Un question ? Un renseignement ? Contactez-nous ici !","og_url":"https:\/\/activites-ariege.com\/index.php\/contact\/","og_site_name":"Activit\u00e9s Ari\u00e8ge","article_modified_time":"2023-07-23T11:17:57+00:00","twitter_card":"summary_large_image","twitter_misc":{"Dur\u00e9e de lecture estim\u00e9e":"1 minute"},"schema":{"@context":"https:\/\/schema.org","@graph":[{"@type":"WebPage","@id":"https:\/\/activites-ariege.com\/index.php\/contact\/","url":"https:\/\/activites-ariege.com\/index.php\/contact\/","name":"Contact - Activit\u00e9s Ari\u00e8ge","isPartOf":{"@id":"https:\/\/activites-ariege.com\/#website"},"datePublished":"2023-04-07T12:16:58+00:00","dateModified":"2023-07-23T11:17:57+00:00","description":"Retrouvez toutes les informations de contact de Docs en stock sur activites-ariege.com. Un question ? Un renseignement ? Contactez-nous ici !","breadcrumb":{"@id":"https:\/\/activites-ariege.com\/index.php\/contact\/#breadcrumb"},"inLanguage":"fr-FR","potentialAction":[{"@type":"ReadAction","target":["https:\/\/activites-ariege.com\/index.php\/contact\/"]}]},{"@type":"BreadcrumbList","@id":"https:\/\/activites-ariege.com\/index.php\/contact\/#breadcrumb","itemListElement":[{"@type":"ListItem","position":1,"name":"Accueil","item":"https:\/\/activites-ariege.com\/"},{"@type":"ListItem","position":2,"name":"Contact"}]},{"@type":"WebSite","@id":"https:\/\/activites-ariege.com\/#website","url":"https:\/\/activites-ariege.com\/","name":"Activit\u00e9s Ari\u00e8ge","description":"D\u00e9couvrez tout ce que l&#039;Ari\u00e8ge peut vous offrir !","publisher":{"@id":"https:\/\/activites-ariege.com\/#organization"},"potentialAction":[{"@type":"SearchAction","target":{"@type":"EntryPoint","urlTemplate":"https:\/\/activites-ariege.com\/?s={search_term_string}"},"query-input":{"@type":"PropertyValueSpecification","valueRequired":true,"valueName":"search_term_string"}}],"inLanguage":"fr-FR"},{"@type":"Organization","@id":"https:\/\/activites-ariege.com\/#organization","name":"Activit\u00e9s Ari\u00e8ge","url":"https:\/\/activites-ariege.com\/","logo":{"@type":"ImageObject","inLanguage":"fr-FR","@id":"https:\/\/activites-ariege.com\/#\/schema\/logo\/image\/","url":"https:\/\/activites-ariege.com\/wp-content\/uploads\/2023\/07\/cropped-Logo-DocsenStock-Moderne-white.png","contentUrl":"https:\/\/activites-ariege.com\/wp-content\/uploads\/2023\/07\/cropped-Logo-DocsenStock-Moderne-white.png","width":180,"height":112,"caption":"Activit\u00e9s Ari\u00e8ge"},"image":{"@id":"https:\/\/activites-ariege.com\/#\/schema\/logo\/image\/"}}]}},"_links":{"self":[{"href":"https:\/\/activites-ariege.com\/index.php\/wp-json\/wp\/v2\/pages\/59","targetHints":{"allow":["GET"]}}],"collection":[{"href":"https:\/\/activites-ariege.com\/index.php\/wp-json\/wp\/v2\/pages"}],"about":[{"href":"https:\/\/activites-ariege.com\/index.php\/wp-json\/wp\/v2\/types\/page"}],"author":[{"embeddable":true,"href":"https:\/\/activites-ariege.com\/index.php\/wp-json\/wp\/v2\/users\/1"}],"replies":[{"embeddable":true,"href":"https:\/\/activites-ariege.com\/index.php\/wp-json\/wp\/v2\/comments?post=59"}],"version-history":[{"count":46,"href":"https:\/\/activites-ariege.com\/index.php\/wp-json\/wp\/v2\/pages\/59\/revisions"}],"predecessor-version":[{"id":1163,"href":"https:\/\/activites-ariege.com\/index.php\/wp-json\/wp\/v2\/pages\/59\/revisions\/1163"}],"wp:attachment":[{"href":"https:\/\/activites-ariege.com\/index.php\/wp-json\/wp\/v2\/media?parent=59"}],"curies":[{"name":"wp","href":"https:\/\/api.w.org\/{rel}","templated":true}]}}